{"id":125,"date":"2025-06-30T19:08:08","date_gmt":"2025-06-30T19:08:08","guid":{"rendered":"https:\/\/www.bulevaraberturas.com.uy\/?post_type=product&#038;p=125"},"modified":"2025-06-30T19:33:10","modified_gmt":"2025-06-30T19:33:10","slug":"puerta-exterior-de-eucaliptus-c-vidrio","status":"publish","type":"product","link":"https:\/\/www.bulevaraberturas.com.uy\/index.php\/producto\/puerta-exterior-de-eucaliptus-c-vidrio\/","title":{"rendered":"Puerta exterior de Eucaliptus c\/ vidrio."},"content":{"rendered":"<p>\u2022 0,82 x 2,03 m.<\/p>\n<p>\u2022 Entrega al natural.<\/p>\n<p>\u2022 Incluye cerradura de seguridad.<\/p>\n<p>\u2022 Sin vidrio.<\/p>\n<p>\u2022 Trabajos a medida.<\/p>\n<p>\u2022 Varios modelos.<\/p>\n<p>Escr\u00edbenos por cualquier consulta!<br \/>\nENV\u00cdOS A TODO EL PA\u00cdS<br \/>\nAvda. San Mart\u00edn 2361 esq. Mill\u00e1n.<br \/>\nTel: 2204 4978<\/p>\n","protected":false},"excerpt":{"rendered":"<p>\u2022 0,82 x 2,03 m. \u2022 Entrega al natural. \u2022 Incluye cerradura de seguridad. \u2022 Sin vidrio. \u2022 Trabajos a medida. \u2022 Varios modelos. Escr\u00edbenos por cualquier consulta! ENV\u00cdOS A TODO EL PA\u00cdS Avda. San Mart\u00edn 2361 esq. Mill\u00e1n. Tel: 2204 4978<\/p>\n","protected":false},"featured_media":126,"comment_status":"open","ping_status":"closed","template":"","meta":[],"product_brand":[],"product_cat":[33,22],"product_tag":[34,23,17],"class_list":{"0":"post-125","1":"product","2":"type-product","3":"status-publish","4":"has-post-thumbnail","6":"product_cat-eucaliptus","7":"product_cat-exterior","8":"product_tag-eucaliptus","9":"product_tag-exterior","10":"product_tag-puerta","12":"first","13":"instock","14":"shipping-taxable","15":"purchasable","16":"product-type-simple"},"jetpack_sharing_enabled":true,"_links":{"self":[{"href":"https:\/\/www.bulevaraberturas.com.uy\/index.php\/wp-json\/wp\/v2\/product\/125","targetHints":{"allow":["GET"]}}],"collection":[{"href":"https:\/\/www.bulevaraberturas.com.uy\/index.php\/wp-json\/wp\/v2\/product"}],"about":[{"href":"https:\/\/www.bulevaraberturas.com.uy\/index.php\/wp-json\/wp\/v2\/types\/product"}],"replies":[{"embeddable":true,"href":"https:\/\/www.bulevaraberturas.com.uy\/index.php\/wp-json\/wp\/v2\/comments?post=125"}],"wp:featuredmedia":[{"embeddable":true,"href":"https:\/\/www.bulevaraberturas.com.uy\/index.php\/wp-json\/wp\/v2\/media\/126"}],"wp:attachment":[{"href":"https:\/\/www.bulevaraberturas.com.uy\/index.php\/wp-json\/wp\/v2\/media?parent=125"}],"wp:term":[{"taxonomy":"product_brand","embeddable":true,"href":"https:\/\/www.bulevaraberturas.com.uy\/index.php\/wp-json\/wp\/v2\/product_brand?post=125"},{"taxonomy":"product_cat","embeddable":true,"href":"https:\/\/www.bulevaraberturas.com.uy\/index.php\/wp-json\/wp\/v2\/product_cat?post=125"},{"taxonomy":"product_tag","embeddable":true,"href":"https:\/\/www.bulevaraberturas.com.uy\/index.php\/wp-json\/wp\/v2\/product_tag?post=125"}],"curies":[{"name":"wp","href":"https:\/\/api.w.org\/{rel}","templated":true}]}}